{"id":12611,"date":"2024-03-15T14:05:24","date_gmt":"2024-03-15T13:05:24","guid":{"rendered":"http:\/\/eglise-visitation-dijon.net\/w3\/?page_id=12611"},"modified":"2025-09-25T10:36:25","modified_gmt":"2025-09-25T08:36:25","slug":"ecologie-integrale","status":"publish","type":"page","link":"https:\/\/eglise-visitation-dijon.net\/w3\/ecologie-integrale\/","title":{"rendered":"\u00c9cologie int\u00e9grale"},"content":{"rendered":"\n<h2 class=\"wp-block-heading\"><strong><mark style=\"background-color:rgba(0, 0, 0, 0)\" class=\"has-inline-color has-vivid-green-cyan-color\">Temps pour la Cr\u00e9ation 2025<\/mark><\/strong><\/h2>\n\n\n\n<p>Le groupe d\u2019animation dioc\u00e9sain pour l&rsquo;\u00e9cologie int\u00e9grale de C\u00f4te d\u2019Or vous propose avec le groupe \u0153cum\u00e9nique de C\u00f4te d&rsquo;Or de rejoindre pour la troisi\u00e8me fois&nbsp;les responsables \u0153cum\u00e9niques du monde entier pour c\u00e9l\u00e9brer le&nbsp;<strong>Temps pour la Cr\u00e9ation 2025,<\/strong>&nbsp;du 1er septembre, journ\u00e9e mondiale de pri\u00e8re pour la Cr\u00e9ation, au 4 octobre, f\u00eate de saint Fran\u00e7ois d\u2019Assise. Cette ann\u00e9e, le th\u00e8me est la Paix avec la Cr\u00e9ation,&nbsp;enracin\u00e9 dans Isa\u00efe 32:14-18.<\/p>\n\n\n\n<p>Tous les chr\u00e9tiens sont invit\u00e9s \u00e0 s\u2019unir dans l\u2019esp\u00e9rance et l\u2019engagement afin de&nbsp;faire la paix avec la Cr\u00e9ation et \u00e0 vivre ce Temps de la Cr\u00e9ation comme<strong>&nbsp;<\/strong>une p\u00e9riode de profonde pri\u00e8re, d\u2019action et de plaidoyer dans nos groupes, mouvements et communaut\u00e9s paroissiales pour prendre soin de notre maison commune.&nbsp;<\/p>\n\n\n\n<p>Pour en savoir plus , nous vous invitons \u00e0 consulter le site &nbsp;<a href=\"https:\/\/seasonofcreation.org\/fr\/\">https:\/\/seasonofcreation.org\/fr\/<\/a>,&nbsp;<\/p>\n\n\n\n<p>celui du label Eglise verte&nbsp;<a href=\"https:\/\/www.egliseverte.org\/actualites\/ressources-du-temps-pour-la-creation-2025\/\">https:\/\/www.egliseverte.org\/actualites\/ressources-du-temps-pour-la-creation-2025\/<\/a>&nbsp;<\/p>\n\n\n\n<p>et celui du mouvement Laudato Si\u2019&nbsp;<a href=\"https:\/\/laudatosimovement.org\/fr\/news\/paix-avec-la-creation-temps-pour-la-creation-2025\/\">https:\/\/laudatosimovement.org\/fr\/news\/paix-avec-la-creation-temps-pour-la-creation-2025\/<\/a>, co-organisateurs de cet \u00e9v\u00e9nement.<\/p>\n\n\n\n<p><strong>Cette ann\u00e9e, nous vous proposons de c\u00e9l\u00e9brer le Temps de la Cr\u00e9ation 2025 \u00ab\u00a0Paix avec la Cr\u00e9ation&nbsp;\u00bb, le samedi 27 septembre prochain, de 10h \u00e0 17h, &nbsp;aupr\u00e8s de la Communaut\u00e9 du Carmel de Flavignerot<\/strong>.<\/p>\n\n\n\n<p>&nbsp;La journ\u00e9e commencera par une \u00ab\u00a0balade \u00e9co spirituelle\u00a0\u00bb de 10h30 \u00e0 12h30, en m\u00e9ditant le texte d\u2019Isa\u00efe 32&nbsp;:14-18, qui nous est propos\u00e9 pour le Temps de la Cr\u00e9ation 2025. Apr\u00e8s un pique- nique partag\u00e9, nous \u00e9changerons de 14h \u00e0 16H autour de nos diff\u00e9rentes exp\u00e9riences de jardins collectifs&nbsp;: jardin du Carmel, jardins familiaux, jardins partag\u00e9s, jardin solidaire de la maison dioc\u00e9saine, Eco-quartiers, potager et plantations de nos paroisses. La journ\u00e9e se conclura par une c\u00e9l\u00e9bration \u0153cum\u00e9nique&nbsp;de 16h \u00e0 17h.<\/p>\n\n\n\n<p>Nous vous invitons \u00e0 vous inscrire&nbsp;<strong>avant le 15 septembre&nbsp;&nbsp;<\/strong>\u00e0 l\u2019aide du formulaire ci-joint&nbsp;<strong>sur&nbsp;<\/strong><a target=\"_blank\" href=\"https:\/\/forms.gle\/3PAVY1SeCRXZfiw36\" rel=\"noreferrer noopener\">https:\/\/forms.gle\/3PAVY1SeCRXZfiw36<\/a>, ou \u00e0 l\u2019aide du flash code qui figure sur les affiches et flyers ci-joints.<\/p>\n\n\n\n<figure class=\"wp-block-image size-large\"><img loading=\"lazy\" decoding=\"async\" width=\"724\" height=\"1024\" src=\"https:\/\/eglise-visitation-dijon.net\/w3\/wp-content\/uploads\/2025\/09\/Mois-de-la-Creation-2025-v2-724x1024.jpg\" alt=\"\" class=\"wp-image-13988\" srcset=\"https:\/\/eglise-visitation-dijon.net\/w3\/wp-content\/uploads\/2025\/09\/Mois-de-la-Creation-2025-v2-724x1024.jpg 724w, https:\/\/eglise-visitation-dijon.net\/w3\/wp-content\/uploads\/2025\/09\/Mois-de-la-Creation-2025-v2-212x300.jpg 212w, https:\/\/eglise-visitation-dijon.net\/w3\/wp-content\/uploads\/2025\/09\/Mois-de-la-Creation-2025-v2-106x150.jpg 106w, https:\/\/eglise-visitation-dijon.net\/w3\/wp-content\/uploads\/2025\/09\/Mois-de-la-Creation-2025-v2-768x1086.jpg 768w, https:\/\/eglise-visitation-dijon.net\/w3\/wp-content\/uploads\/2025\/09\/Mois-de-la-Creation-2025-v2-1086x1536.jpg 1086w, https:\/\/eglise-visitation-dijon.net\/w3\/wp-content\/uploads\/2025\/09\/Mois-de-la-Creation-2025-v2-1448x2048.jpg 1448w, https:\/\/eglise-visitation-dijon.net\/w3\/wp-content\/uploads\/2025\/09\/Mois-de-la-Creation-2025-v2-42x60.jpg 42w, https:\/\/eglise-visitation-dijon.net\/w3\/wp-content\/uploads\/2025\/09\/Mois-de-la-Creation-2025-v2-scaled.jpg 1810w\" sizes=\"auto, (max-width: 724px) 100vw, 724px\" \/><\/figure>\n\n\n\n<h1 class=\"wp-block-heading has-text-color\" style=\"color:#2a881f\">Prenons soin de notre maison commune<\/h1>\n\n\n\n<p class=\"has-text-color\" style=\"color:#2a881f\">La page du groupe \u00ab\u00a0\u00c9cologie int\u00e9grale\u00a0\u00bb de La Visitation<\/p>\n\n\n<div class=\"wp-block-image\">\n<figure class=\"aligncenter size-large is-resized\"><img loading=\"lazy\" decoding=\"async\" width=\"1024\" height=\"724\" src=\"https:\/\/eglise-visitation-dijon.net\/w3\/wp-content\/uploads\/2024\/05\/Logo-Ecologie-Visitation-2000-1414-V2-1024x724.jpg\" alt=\"\" class=\"wp-image-12882\" style=\"width:367px;height:259px\" srcset=\"https:\/\/eglise-visitation-dijon.net\/w3\/wp-content\/uploads\/2024\/05\/Logo-Ecologie-Visitation-2000-1414-V2-1024x724.jpg 1024w, https:\/\/eglise-visitation-dijon.net\/w3\/wp-content\/uploads\/2024\/05\/Logo-Ecologie-Visitation-2000-1414-V2-300x212.jpg 300w, https:\/\/eglise-visitation-dijon.net\/w3\/wp-content\/uploads\/2024\/05\/Logo-Ecologie-Visitation-2000-1414-V2-150x106.jpg 150w, https:\/\/eglise-visitation-dijon.net\/w3\/wp-content\/uploads\/2024\/05\/Logo-Ecologie-Visitation-2000-1414-V2-768x543.jpg 768w, https:\/\/eglise-visitation-dijon.net\/w3\/wp-content\/uploads\/2024\/05\/Logo-Ecologie-Visitation-2000-1414-V2-1536x1086.jpg 1536w, https:\/\/eglise-visitation-dijon.net\/w3\/wp-content\/uploads\/2024\/05\/Logo-Ecologie-Visitation-2000-1414-V2.jpg 2000w\" sizes=\"auto, (max-width: 1024px) 100vw, 1024px\" \/><\/figure>\n<\/div>\n\n\n<h2 class=\"wp-block-heading has-vivid-red-color has-text-color\">Annonces<\/h2>\n\n\n\n<p class=\"has-black-color has-text-color has-medium-font-size\">Informations d&rsquo;actualit\u00e9 &#8230;<\/p>\n\n\n\n<p><\/p>\n\n\n\n<h2 class=\"wp-block-heading has-vivid-red-color has-text-color\">En ligne &#8230;<\/h2>\n\n\n\n<p class=\"has-medium-font-size\"><a rel=\"noreferrer noopener\" href=\"https:\/\/eglise-visitation-dijon.net\/w3\/ressources-climat\/\" target=\"_blank\">Un espace \u00ab\u00a0ressources\u00a0\u00bb pour aller plus loin et garder le contact &#8230;<\/a><\/p>\n\n\n\n<div style=\"height:71px\" aria-hidden=\"true\" class=\"wp-block-spacer\"><\/div>\n\n\n\n<h2 class=\"wp-block-heading has-vivid-red-color has-text-color\">\u00c9v\u00e9nements r\u00e9cents<\/h2>\n\n\n\n<div style=\"height:30px\" aria-hidden=\"true\" class=\"wp-block-spacer\"><\/div>\n\n\n\n<h3 class=\"wp-block-heading\"><a href=\"https:\/\/eglise-visitation-dijon.net\/w3\/marche-de-la-creation-samedi-23-mars-2024\/\" target=\"_blank\" rel=\"noreferrer noopener\">Marche de la Cr\u00e9ation \u2013 dimanche 13 avril 2025<\/a><\/h3>\n\n\n\n<p style=\"font-size:16px\">Dimanche 13 avril 2025 de 14h30 \u00e0 17h &#8211; d\u00e9part de la Visitation <\/p>\n\n\n<div class=\"wp-block-image\">\n<figure class=\"aligncenter size-full\"><img loading=\"lazy\" decoding=\"async\" width=\"1000\" height=\"562\" src=\"https:\/\/eglise-visitation-dijon.net\/w3\/wp-content\/uploads\/2025\/04\/20250413_144029.jpg\" alt=\"\" class=\"wp-image-13646\" srcset=\"https:\/\/eglise-visitation-dijon.net\/w3\/wp-content\/uploads\/2025\/04\/20250413_144029.jpg 1000w, https:\/\/eglise-visitation-dijon.net\/w3\/wp-content\/uploads\/2025\/04\/20250413_144029-300x169.jpg 300w, https:\/\/eglise-visitation-dijon.net\/w3\/wp-content\/uploads\/2025\/04\/20250413_144029-150x84.jpg 150w, https:\/\/eglise-visitation-dijon.net\/w3\/wp-content\/uploads\/2025\/04\/20250413_144029-768x432.jpg 768w\" sizes=\"auto, (max-width: 1000px) 100vw, 1000px\" \/><\/figure>\n<\/div>\n\n\n<div style=\"height:30px\" aria-hidden=\"true\" class=\"wp-block-spacer\"><\/div>\n\n\n\n<p class=\"has-black-color has-text-color has-link-color has-medium-font-size wp-elements-44c4c4daa55b3d907d725a49677ef8fb\"><a href=\"https:\/\/eglise-visitation-dijon.net\/w3\/conference-en-ligne-ccfd-terre-solidaire-27-mars-2025\/\"><strong>Soir\u00e9e conviviale et d\u2019\u00e9change \u2013 CCFD-Terre Solidaire \u2013 27 mars 2025<\/strong><\/a><\/p>\n\n\n\n<p class=\"has-text-align-center\" style=\"font-size:18px\">Soir\u00e9e d\u2019\u00e9change organis\u00e9e par le CCFD-Terre Solidaire de C\u00f4te d\u2019Or<br><strong>\u00ab Agir pour l\u2019agro\u00e9cologie au Maroc \u00bb<\/strong><\/p>\n\n\n\n<p style=\"font-size:18px\">Avec la participation en visio de Badia Aarab, membre de la FNSA, F\u00e9d\u00e9ration Nationale du Secteur agricole au Maroc et Sarah Martin, Charg\u00e9e de Partenariat Afrique du Nord et Moyen Orient au CCFD-Terre Solidaire.<\/p>\n\n\n\n<p style=\"font-size:18px\">Visio-conf\u00e9rence retransmise simultan\u00e9ment dans plusieurs lieux partout en France<\/p>\n\n\n<div class=\"wp-block-image\">\n<figure class=\"aligncenter size-large\"><img loading=\"lazy\" decoding=\"async\" width=\"1024\" height=\"603\" src=\"https:\/\/eglise-visitation-dijon.net\/w3\/wp-content\/uploads\/2025\/04\/Conference-demultipliee_0-1024x603.jpg\" alt=\"\" class=\"wp-image-13654\" srcset=\"https:\/\/eglise-visitation-dijon.net\/w3\/wp-content\/uploads\/2025\/04\/Conference-demultipliee_0-1024x603.jpg 1024w, https:\/\/eglise-visitation-dijon.net\/w3\/wp-content\/uploads\/2025\/04\/Conference-demultipliee_0-300x177.jpg 300w, https:\/\/eglise-visitation-dijon.net\/w3\/wp-content\/uploads\/2025\/04\/Conference-demultipliee_0-150x88.jpg 150w, https:\/\/eglise-visitation-dijon.net\/w3\/wp-content\/uploads\/2025\/04\/Conference-demultipliee_0-768x452.jpg 768w, https:\/\/eglise-visitation-dijon.net\/w3\/wp-content\/uploads\/2025\/04\/Conference-demultipliee_0-1536x905.jpg 1536w, https:\/\/eglise-visitation-dijon.net\/w3\/wp-content\/uploads\/2025\/04\/Conference-demultipliee_0-2048x1206.jpg 2048w\" sizes=\"auto, (max-width: 1024px) 100vw, 1024px\" \/><\/figure>\n<\/div>\n\n\n<div style=\"height:30px\" aria-hidden=\"true\" class=\"wp-block-spacer\"><\/div>\n\n\n\n<h3 class=\"wp-block-heading has-black-color has-text-color\" style=\"font-size:18px\">L\u2019 \u00e9cologie ce n\u2019est pas pour moi ? Ce n\u2019est pas pour nous ? \u2013 Mardi 28 mai 2024<\/h3>\n\n\n\n<p style=\"font-size:16px\">Conf\u00e9rence-d\u00e9bat par Jean-Philippe PIERRON<\/p>\n\n\n\n<figure class=\"wp-block-image size-full\"><img loading=\"lazy\" decoding=\"async\" width=\"1024\" height=\"461\" src=\"https:\/\/eglise-visitation-dijon.net\/w3\/wp-content\/uploads\/2024\/06\/temp-1000013361-1024x461-1.jpg\" alt=\"\" class=\"wp-image-13047\" srcset=\"https:\/\/eglise-visitation-dijon.net\/w3\/wp-content\/uploads\/2024\/06\/temp-1000013361-1024x461-1.jpg 1024w, https:\/\/eglise-visitation-dijon.net\/w3\/wp-content\/uploads\/2024\/06\/temp-1000013361-1024x461-1-300x135.jpg 300w, https:\/\/eglise-visitation-dijon.net\/w3\/wp-content\/uploads\/2024\/06\/temp-1000013361-1024x461-1-150x68.jpg 150w, https:\/\/eglise-visitation-dijon.net\/w3\/wp-content\/uploads\/2024\/06\/temp-1000013361-1024x461-1-768x346.jpg 768w\" sizes=\"auto, (max-width: 1024px) 100vw, 1024px\" \/><\/figure>\n\n\n\n<p><a href=\"https:\/\/eglise-visitation-dijon.net\/w3\/lecologie-integrale-une-bonne-nouvelle-mardi-28-mai-a-20h30\/\" target=\"_blank\" rel=\"noreferrer noopener\">Lire plus &#8230;<\/a><\/p>\n\n\n\n<div style=\"height:30px\" aria-hidden=\"true\" class=\"wp-block-spacer\"><\/div>\n\n\n\n<h3 class=\"wp-block-heading\"><a rel=\"noreferrer noopener\" href=\"https:\/\/eglise-visitation-dijon.net\/w3\/marche-de-la-creation-samedi-23-mars-2024\/\" target=\"_blank\">F\u00eate de la nature et semaine Laudato Si\u2019 \u2013 samedi 25 mai 2024<\/a><\/h3>\n\n\n\n<p style=\"font-size:16px\">Samedi 25 mai de 9h \u00e0 17h \u00e0 La Visitation &#8211; Prenons soin de notre maison commune.<\/p>\n\n\n\n<figure class=\"wp-block-gallery has-nested-images columns-default is-cropped wp-block-gallery-1 is-layout-flex wp-block-gallery-is-layout-flex\">\n<figure class=\"wp-block-image size-large\"><img loading=\"lazy\" decoding=\"async\" width=\"850\" height=\"288\" data-id=\"12929\" src=\"https:\/\/eglise-visitation-dijon.net\/w3\/wp-content\/uploads\/2024\/05\/Fresque.jpg\" alt=\"\" class=\"wp-image-12929\" srcset=\"https:\/\/eglise-visitation-dijon.net\/w3\/wp-content\/uploads\/2024\/05\/Fresque.jpg 850w, https:\/\/eglise-visitation-dijon.net\/w3\/wp-content\/uploads\/2024\/05\/Fresque-300x102.jpg 300w, https:\/\/eglise-visitation-dijon.net\/w3\/wp-content\/uploads\/2024\/05\/Fresque-150x51.jpg 150w, https:\/\/eglise-visitation-dijon.net\/w3\/wp-content\/uploads\/2024\/05\/Fresque-768x260.jpg 768w\" sizes=\"auto, (max-width: 850px) 100vw, 850px\" \/><\/figure>\n\n\n\n<figure class=\"wp-block-image size-large\"><img loading=\"lazy\" decoding=\"async\" width=\"1024\" height=\"405\" data-id=\"12952\" src=\"https:\/\/eglise-visitation-dijon.net\/w3\/wp-content\/uploads\/2024\/05\/20240525_155059-2-1024x405.jpg\" alt=\"\" class=\"wp-image-12952\" srcset=\"https:\/\/eglise-visitation-dijon.net\/w3\/wp-content\/uploads\/2024\/05\/20240525_155059-2-1024x405.jpg 1024w, https:\/\/eglise-visitation-dijon.net\/w3\/wp-content\/uploads\/2024\/05\/20240525_155059-2-300x119.jpg 300w, https:\/\/eglise-visitation-dijon.net\/w3\/wp-content\/uploads\/2024\/05\/20240525_155059-2-150x59.jpg 150w, https:\/\/eglise-visitation-dijon.net\/w3\/wp-content\/uploads\/2024\/05\/20240525_155059-2-768x304.jpg 768w, https:\/\/eglise-visitation-dijon.net\/w3\/wp-content\/uploads\/2024\/05\/20240525_155059-2-1536x607.jpg 1536w, https:\/\/eglise-visitation-dijon.net\/w3\/wp-content\/uploads\/2024\/05\/20240525_155059-2-2048x810.jpg 2048w\" sizes=\"auto, (max-width: 1024px) 100vw, 1024px\" \/><\/figure>\n<\/figure>\n\n\n\n<figure class=\"wp-block-gallery has-nested-images columns-default is-cropped wp-block-gallery-2 is-layout-flex wp-block-gallery-is-layout-flex\">\n<figure class=\"wp-block-image size-large\"><img loading=\"lazy\" decoding=\"async\" width=\"1024\" height=\"1024\" data-id=\"12944\" src=\"https:\/\/eglise-visitation-dijon.net\/w3\/wp-content\/uploads\/2024\/05\/20240525_194823-1024x1024.jpg\" alt=\"\" class=\"wp-image-12944\" srcset=\"https:\/\/eglise-visitation-dijon.net\/w3\/wp-content\/uploads\/2024\/05\/20240525_194823-1024x1024.jpg 1024w, https:\/\/eglise-visitation-dijon.net\/w3\/wp-content\/uploads\/2024\/05\/20240525_194823-300x300.jpg 300w, https:\/\/eglise-visitation-dijon.net\/w3\/wp-content\/uploads\/2024\/05\/20240525_194823-150x150.jpg 150w, https:\/\/eglise-visitation-dijon.net\/w3\/wp-content\/uploads\/2024\/05\/20240525_194823-768x768.jpg 768w, https:\/\/eglise-visitation-dijon.net\/w3\/wp-content\/uploads\/2024\/05\/20240525_194823-1536x1536.jpg 1536w, https:\/\/eglise-visitation-dijon.net\/w3\/wp-content\/uploads\/2024\/05\/20240525_194823-2048x2048.jpg 2048w\" sizes=\"auto, (max-width: 1024px) 100vw, 1024px\" \/><\/figure>\n\n\n\n<figure class=\"wp-block-image size-large\"><img loading=\"lazy\" decoding=\"async\" width=\"1024\" height=\"1024\" data-id=\"12940\" src=\"https:\/\/eglise-visitation-dijon.net\/w3\/wp-content\/uploads\/2024\/05\/20240525_194801-1024x1024.jpg\" alt=\"\" class=\"wp-image-12940\" srcset=\"https:\/\/eglise-visitation-dijon.net\/w3\/wp-content\/uploads\/2024\/05\/20240525_194801-1024x1024.jpg 1024w, https:\/\/eglise-visitation-dijon.net\/w3\/wp-content\/uploads\/2024\/05\/20240525_194801-300x300.jpg 300w, https:\/\/eglise-visitation-dijon.net\/w3\/wp-content\/uploads\/2024\/05\/20240525_194801-150x150.jpg 150w, https:\/\/eglise-visitation-dijon.net\/w3\/wp-content\/uploads\/2024\/05\/20240525_194801-768x768.jpg 768w, https:\/\/eglise-visitation-dijon.net\/w3\/wp-content\/uploads\/2024\/05\/20240525_194801-1536x1536.jpg 1536w, https:\/\/eglise-visitation-dijon.net\/w3\/wp-content\/uploads\/2024\/05\/20240525_194801-2048x2048.jpg 2048w\" sizes=\"auto, (max-width: 1024px) 100vw, 1024px\" \/><\/figure>\n<\/figure>\n\n\n\n<p><a href=\"https:\/\/eglise-visitation-dijon.net\/w3\/prenons-soin-de-notre-maison-commune-samedi-25-juin-2024\/\" target=\"_blank\" rel=\"noreferrer noopener\">Lire plus &#8230;<\/a><\/p>\n\n\n\n<div style=\"height:30px\" aria-hidden=\"true\" class=\"wp-block-spacer\"><\/div>\n\n\n\n<h3 class=\"wp-block-heading\"><a rel=\"noreferrer noopener\" href=\"https:\/\/eglise-visitation-dijon.net\/w3\/marche-de-la-creation-samedi-23-mars-2024\/\" target=\"_blank\">Marche de la Cr\u00e9ation \u2013 samedi 23 mars 2024<\/a><\/h3>\n\n\n\n<p style=\"font-size:16px\">Samedi 23 mars de 14h \u00e0 17h \u00e0 Dijon au d\u00e9part du Centre Albert Decourtray \u2013 place Granville.<\/p>\n\n\n<div class=\"wp-block-image\">\n<figure class=\"aligncenter size-full\"><img loading=\"lazy\" decoding=\"async\" width=\"850\" height=\"434\" src=\"https:\/\/eglise-visitation-dijon.net\/w3\/wp-content\/uploads\/2024\/03\/20240323_Marche-creation.jpg\" alt=\"\" class=\"wp-image-12668\" srcset=\"https:\/\/eglise-visitation-dijon.net\/w3\/wp-content\/uploads\/2024\/03\/20240323_Marche-creation.jpg 850w, https:\/\/eglise-visitation-dijon.net\/w3\/wp-content\/uploads\/2024\/03\/20240323_Marche-creation-300x153.jpg 300w, https:\/\/eglise-visitation-dijon.net\/w3\/wp-content\/uploads\/2024\/03\/20240323_Marche-creation-150x77.jpg 150w, https:\/\/eglise-visitation-dijon.net\/w3\/wp-content\/uploads\/2024\/03\/20240323_Marche-creation-768x392.jpg 768w\" sizes=\"auto, (max-width: 850px) 100vw, 850px\" \/><\/figure>\n<\/div>\n\n\n<p style=\"font-size:16px\"><a href=\"https:\/\/eglise-visitation-dijon.net\/w3\/marche-de-la-creation-samedi-23-mars-2024\/\" target=\"_blank\" rel=\"noreferrer noopener\">Lire plus &#8230;<\/a><\/p>\n\n\n\n<div style=\"height:21px\" aria-hidden=\"true\" class=\"wp-block-spacer\"><\/div>\n\n\n\n<h3 class=\"wp-block-heading\"><a rel=\"noreferrer noopener\" href=\"https:\/\/eglise-visitation-dijon.net\/w3\/defendre-les-droits-humains-au-bresil-vendredi-8-mars\/\" target=\"_blank\">D\u00e9fendre les droits humains au Br\u00e9sil \u2013 vendredi 8 mars 2024 \u00e0 La Visitation<\/a><\/h3>\n\n\n\n<p style=\"font-size:16px\">Visio-conf\u00e9rence, soir\u00e9e d\u2019\u00e9change organis\u00e9e par le CCFD-Terre Solidaire de C\u00f4te d\u2019Or \u2026<\/p>\n\n\n<div class=\"wp-block-image\">\n<figure class=\"aligncenter size-large\"><img loading=\"lazy\" decoding=\"async\" width=\"1024\" height=\"423\" src=\"https:\/\/eglise-visitation-dijon.net\/w3\/wp-content\/uploads\/2024\/03\/Vue-du-fond-1024x423.jpg\" alt=\"\" class=\"wp-image-12602\" srcset=\"https:\/\/eglise-visitation-dijon.net\/w3\/wp-content\/uploads\/2024\/03\/Vue-du-fond-1024x423.jpg 1024w, https:\/\/eglise-visitation-dijon.net\/w3\/wp-content\/uploads\/2024\/03\/Vue-du-fond-300x124.jpg 300w, https:\/\/eglise-visitation-dijon.net\/w3\/wp-content\/uploads\/2024\/03\/Vue-du-fond-150x62.jpg 150w, https:\/\/eglise-visitation-dijon.net\/w3\/wp-content\/uploads\/2024\/03\/Vue-du-fond-768x317.jpg 768w, https:\/\/eglise-visitation-dijon.net\/w3\/wp-content\/uploads\/2024\/03\/Vue-du-fond-1536x634.jpg 1536w, https:\/\/eglise-visitation-dijon.net\/w3\/wp-content\/uploads\/2024\/03\/Vue-du-fond.jpg 2000w\" sizes=\"auto, (max-width: 1024px) 100vw, 1024px\" \/><\/figure>\n<\/div>\n\n\n<p style=\"font-size:16px\"><a href=\"https:\/\/eglise-visitation-dijon.net\/w3\/defendre-les-droits-humains-au-bresil-vendredi-8-mars\/\" target=\"_blank\" rel=\"noreferrer noopener\">Lire plus &#8230;<\/a><\/p>\n\n\n\n<div style=\"height:100px\" aria-hidden=\"true\" class=\"wp-block-spacer\"><\/div>\n\n\n\n<div style=\"height:100px\" aria-hidden=\"true\" class=\"wp-block-spacer\"><\/div>\n\n\n\n<div style=\"height:100px\" aria-hidden=\"true\" class=\"wp-block-spacer\"><\/div>\n","protected":false},"excerpt":{"rendered":"<p>La page du groupe \u00ab\u00a0\u00c9cologie int\u00e9grale\u00a0\u00bb de La Visitation<br \/>\nPrenons soin de notre maison commune<\/p>\n","protected":false},"author":1,"featured_media":14084,"parent":0,"menu_order":0,"comment_status":"closed","ping_status":"closed","template":"","meta":{"footnotes":""},"class_list":["post-12611","page","type-page","status-publish","has-post-thumbnail","hentry"],"_links":{"self":[{"href":"https:\/\/eglise-visitation-dijon.net\/w3\/wp-json\/wp\/v2\/pages\/12611","targetHints":{"allow":["GET"]}}],"collection":[{"href":"https:\/\/eglise-visitation-dijon.net\/w3\/wp-json\/wp\/v2\/pages"}],"about":[{"href":"https:\/\/eglise-visitation-dijon.net\/w3\/wp-json\/wp\/v2\/types\/page"}],"author":[{"embeddable":true,"href":"https:\/\/eglise-visitation-dijon.net\/w3\/wp-json\/wp\/v2\/users\/1"}],"replies":[{"embeddable":true,"href":"https:\/\/eglise-visitation-dijon.net\/w3\/wp-json\/wp\/v2\/comments?post=12611"}],"version-history":[{"count":81,"href":"https:\/\/eglise-visitation-dijon.net\/w3\/wp-json\/wp\/v2\/pages\/12611\/revisions"}],"predecessor-version":[{"id":14087,"href":"https:\/\/eglise-visitation-dijon.net\/w3\/wp-json\/wp\/v2\/pages\/12611\/revisions\/14087"}],"wp:featuredmedia":[{"embeddable":true,"href":"https:\/\/eglise-visitation-dijon.net\/w3\/wp-json\/wp\/v2\/media\/14084"}],"wp:attachment":[{"href":"https:\/\/eglise-visitation-dijon.net\/w3\/wp-json\/wp\/v2\/media?parent=12611"}],"curies":[{"name":"wp","href":"https:\/\/api.w.org\/{rel}","templated":true}]}}