{"id":12892,"date":"2024-05-22T11:15:55","date_gmt":"2024-05-22T09:15:55","guid":{"rendered":"http:\/\/eglise-visitation-dijon.net\/w3\/?page_id=12892"},"modified":"2024-05-25T09:46:42","modified_gmt":"2024-05-25T07:46:42","slug":"ressources-climat","status":"publish","type":"page","link":"https:\/\/eglise-visitation-dijon.net\/w3\/ressources-climat\/","title":{"rendered":"Ressources climat"},"content":{"rendered":"\n<p style=\"font-size:14px\">Cette page a \u00e9t\u00e9 cr\u00e9e \u00e0 l&rsquo;occasion de la journ\u00e9e du 25 mai 2024 pour aller plus loin et garder le contact &#8230; <em>Le calculateur carbone est d\u00e9velopp\u00e9 par l&rsquo;<a href=\"https:\/\/www.ademe.fr\/\">Agence de la transition \u00e9cologique<\/a> (ADEME) et <a href=\"https:\/\/beta.gouv.fr\/\">beta.gouv.fr<\/a>, en partenariat avec l&rsquo;<a href=\"https:\/\/www.associationbilancarbone.fr\/\">Association Bilan Carbone<\/a> (ABC).<\/em><\/p>\n\n\n\n<h2 class=\"wp-block-heading\">Connaissez-vous votre empreinte sur le climat\u202f? <\/h2>\n\n\n\n<blockquote class=\"wp-block-quote is-layout-flow wp-block-quote-is-layout-flow\">\n<p>En 10 minutes, obtenez une estimation de votre empreinte carbone de consommation &#8230; <a rel=\"noreferrer noopener\" href=\"https:\/\/nosgestesclimat.fr\/\" target=\"_blank\">https:\/\/nosgestesclimat.fr<\/a><\/p>\n<\/blockquote>\n\n\n\n<h2 class=\"wp-block-heading\">Passez \u00e0 l&rsquo;action !<\/h2>\n\n\n\n<blockquote class=\"wp-block-quote is-layout-flow wp-block-quote-is-layout-flow\">\n<p>Pour vous aider une liste d&rsquo;actions &#8230; <a href=\"https:\/\/nosgestesclimat.fr\/actions\" target=\"_blank\" rel=\"noreferrer noopener\">https:\/\/nosgestesclimat.fr\/actions<\/a><\/p>\n<\/blockquote>\n\n\n\n<h2 class=\"wp-block-heading\">Partagez vos exp\u00e9riences &#8230;<\/h2>\n\n\n\n<blockquote class=\"wp-block-quote is-layout-flow wp-block-quote-is-layout-flow\">\n<p><a rel=\"noreferrer noopener\" href=\"http:\/\/eglise-visitation-dijon.net\/w2\/eco\/Sobriete-numerique-Groupe-Solidarite.pdf\" target=\"_blank\">Un geste de sobri\u00e9t\u00e9 num\u00e9rique au sein du Groupe Solidarit\u00e9<\/a><\/p>\n\n\n\n<p><a href=\"http:\/\/eglise-visitation-dijon.net\/w2\/eco\/Eau-en-bouteilles-ou-eau-du-robinet.pdf\" target=\"_blank\" rel=\"noreferrer noopener\">Eau en bouteilles ou eau du robinet<\/a><\/p>\n\n\n\n<p>Laissez un commentaire ci-dessous<\/p>\n<\/blockquote>\n\n\n\n<p><\/p>\n\n\n\n<h2 class=\"wp-block-heading\">Pour aller plus loin &#8230;<\/h2>\n\n\n\n<blockquote class=\"wp-block-quote is-layout-flow wp-block-quote-is-layout-flow\">\n<p><a href=\"https:\/\/eglise-visitation-dijon.net\/w3\/liens-climat\/\" target=\"_blank\" rel=\"noreferrer noopener\">Quelques liens parmi beaucoup d&rsquo;autres<\/a><\/p>\n<\/blockquote>\n","protected":false},"excerpt":{"rendered":"<p>Extrait<\/p>\n","protected":false},"author":1,"featured_media":0,"parent":0,"menu_order":0,"comment_status":"open","ping_status":"closed","template":"","meta":{"footnotes":""},"class_list":["post-12892","page","type-page","status-publish","hentry"],"_links":{"self":[{"href":"https:\/\/eglise-visitation-dijon.net\/w3\/wp-json\/wp\/v2\/pages\/12892","targetHints":{"allow":["GET"]}}],"collection":[{"href":"https:\/\/eglise-visitation-dijon.net\/w3\/wp-json\/wp\/v2\/pages"}],"about":[{"href":"https:\/\/eglise-visitation-dijon.net\/w3\/wp-json\/wp\/v2\/types\/page"}],"author":[{"embeddable":true,"href":"https:\/\/eglise-visitation-dijon.net\/w3\/wp-json\/wp\/v2\/users\/1"}],"replies":[{"embeddable":true,"href":"https:\/\/eglise-visitation-dijon.net\/w3\/wp-json\/wp\/v2\/comments?post=12892"}],"version-history":[{"count":17,"href":"https:\/\/eglise-visitation-dijon.net\/w3\/wp-json\/wp\/v2\/pages\/12892\/revisions"}],"predecessor-version":[{"id":12928,"href":"https:\/\/eglise-visitation-dijon.net\/w3\/wp-json\/wp\/v2\/pages\/12892\/revisions\/12928"}],"wp:attachment":[{"href":"https:\/\/eglise-visitation-dijon.net\/w3\/wp-json\/wp\/v2\/media?parent=12892"}],"curies":[{"name":"wp","href":"https:\/\/api.w.org\/{rel}","templated":true}]}}