{"id":13895,"date":"2025-07-24T16:20:45","date_gmt":"2025-07-24T14:20:45","guid":{"rendered":"https:\/\/eglise-visitation-dijon.net\/w3\/?page_id=13895"},"modified":"2025-07-24T16:20:58","modified_gmt":"2025-07-24T14:20:58","slug":"demander-une-messe","status":"publish","type":"page","link":"https:\/\/eglise-visitation-dijon.net\/w3\/demander-une-messe\/","title":{"rendered":"Demander une messe"},"content":{"rendered":"\n<h2 class=\"wp-block-heading\"><mark style=\"background-color:rgba(0, 0, 0, 0)\" class=\"has-inline-color has-vivid-red-color\">\u2018\u2018Il est possible de demander une messe pour chaque \u00e9v\u00e8nement de la vie\u2018\u2018<\/mark><\/h2>\n\n\n\n<p>Vous pouvez vous adresser \u00e0 l\u2019accueil paroissial lors des permanences et compl\u00e9ter le formulaire pour la date de c\u00e9l\u00e9bration que vous choisissez. Vous pouvez ensuite donner votre offrande pour la c\u00e9l\u00e9bration de la messe.<\/p>\n\n\n\n<p>Dans le dioc\u00e8se de Dijon, un montant de <strong>18 euros<\/strong> est donn\u00e9 \u00e0 titre indicatif. Cela ne vous emp\u00eache de donner selon votre g\u00e9n\u00e9rosit\u00e9 et vos moyens. Tout cela aide au bon fonctionnement des services de l\u2019\u00c9glise.<\/p>\n\n\n\n<p>Vous pouvez \u00e9galement faire la demande par t\u00e9l\u00e9phone ou par mail et donner ensuite votre offrande en venant sur place \u00e0 la paroisse aux heures d&rsquo;ouverture ou en nous faisant parvenir votre ch\u00e8que \u00e0 l&rsquo;ordre de <strong>Paroisse de la Visitation<\/strong>.<\/p>\n\n\n\n<h2 class=\"wp-block-heading\"><a href=\"https:\/\/eglise.catholique.fr\/conference-des-eveques-de-france\/soutenir-leglise\/denier-eglise\/534261-a-quoi-servent-les-dons-des-fideles\/\" data-type=\"link\" data-id=\"https:\/\/eglise.catholique.fr\/conference-des-eveques-de-france\/soutenir-leglise\/denier-eglise\/534261-a-quoi-servent-les-dons-des-fideles\/\">Mieux comprendre \u00e0 quoi servent les offrandes de messe<\/a><\/h2>\n","protected":false},"excerpt":{"rendered":"<p>\u2018\u2018Il est possible de demander une messe pour chaque \u00e9v\u00e8nement de la vie\u2018\u2018 Vous pouvez vous adresser \u00e0 l\u2019accueil paroissial lors des permanences et compl\u00e9ter le formulaire pour la date&#8230;<\/p>\n","protected":false},"author":4,"featured_media":13896,"parent":0,"menu_order":0,"comment_status":"closed","ping_status":"closed","template":"","meta":{"footnotes":""},"class_list":["post-13895","page","type-page","status-publish","has-post-thumbnail","hentry"],"_links":{"self":[{"href":"https:\/\/eglise-visitation-dijon.net\/w3\/wp-json\/wp\/v2\/pages\/13895","targetHints":{"allow":["GET"]}}],"collection":[{"href":"https:\/\/eglise-visitation-dijon.net\/w3\/wp-json\/wp\/v2\/pages"}],"about":[{"href":"https:\/\/eglise-visitation-dijon.net\/w3\/wp-json\/wp\/v2\/types\/page"}],"author":[{"embeddable":true,"href":"https:\/\/eglise-visitation-dijon.net\/w3\/wp-json\/wp\/v2\/users\/4"}],"replies":[{"embeddable":true,"href":"https:\/\/eglise-visitation-dijon.net\/w3\/wp-json\/wp\/v2\/comments?post=13895"}],"version-history":[{"count":3,"href":"https:\/\/eglise-visitation-dijon.net\/w3\/wp-json\/wp\/v2\/pages\/13895\/revisions"}],"predecessor-version":[{"id":13915,"href":"https:\/\/eglise-visitation-dijon.net\/w3\/wp-json\/wp\/v2\/pages\/13895\/revisions\/13915"}],"wp:featuredmedia":[{"embeddable":true,"href":"https:\/\/eglise-visitation-dijon.net\/w3\/wp-json\/wp\/v2\/media\/13896"}],"wp:attachment":[{"href":"https:\/\/eglise-visitation-dijon.net\/w3\/wp-json\/wp\/v2\/media?parent=13895"}],"curies":[{"name":"wp","href":"https:\/\/api.w.org\/{rel}","templated":true}]}}