{"id":14601,"date":"2026-02-07T12:21:08","date_gmt":"2026-02-07T11:21:08","guid":{"rendered":"https:\/\/eglise-visitation-dijon.net\/w3\/?page_id=14601"},"modified":"2026-09-01T21:38:10","modified_gmt":"2026-09-01T19:38:10","slug":"horaires-des-messes","status":"publish","type":"page","link":"https:\/\/eglise-visitation-dijon.net\/w3\/horaires-des-messes\/","title":{"rendered":"Horaires des messes"},"content":{"rendered":"\n<p class=\"has-text-align-center has-medium-font-size wp-block-paragraph\"><strong>Messes dominicales :<\/strong> samedi 18h30, dimanche 10h30 \u00e0 l&rsquo;\u00e9glise de la Visitation<\/p>\n\n\n\n<p class=\"has-text-align-center wp-block-paragraph\" style=\"font-size:20px\"><strong>Messes en semaine<\/strong><br><strong>Mardi 17h :<\/strong> Les Tonnelles \u00e0 Chevigny<br><strong>Mercredi 16h30 <\/strong>: Le Cromois \u00e0 Quetigny<br><strong>Jeudi 11h :<\/strong> maison de retraite Combe St Victor \u00e0 Neuilly les jeudis 10 et 24 Septembre.<br>Ces derni\u00e8res \u00e9tant r\u00e9serv\u00e9es aux r\u00e9sidents des maisons de retraite<br><strong>Vendredi <\/strong>: 9h \u00e0 l\u2019oratoire de La Visitation<\/p>\n\n\n\n<p class=\"has-text-align-center has-medium-font-size wp-block-paragraph\"><strong>IMPORTANT<\/strong>: <strong>plus de messe le jeudi <\/strong>\u00e0 l&rsquo;\u00e9glise St Maurice \u00e0 Sennecey-l\u00e8s-Dijon <br>car nous cherchons un sacristain qui pourrait assurer le service pour cette messe<\/p>\n\n\n\n<p class=\"has-text-align-center has-medium-font-size wp-block-paragraph\"><strong>Confessions: <\/strong>prendre rendez-vous aupr\u00e8s du pr\u00eatre.<\/p>\n\n\n\n<p class=\"has-text-align-center has-medium-font-size wp-block-paragraph\"><br><strong>GROUPES DE PRI\u00c8RE<\/strong><br><strong>Chapelet <\/strong>: lundi \u00e0 16h30 et mercredi \u00e0 10h30<br><strong>Adoration du St Sacrement :<\/strong> \u00e0 20h le jeudi 3 Septembre et 1er octobre \u00e0 l&rsquo;Oratoire<br><strong>Pri\u00e8re pour les malades :<\/strong> \u00e0 17h30 le jeudi 24 septembre \u00e0 l&rsquo;Oratoire de la Visitation<br><strong>Fraternit\u00e9 Pentec\u00f4te :<\/strong> le mardi \u00e0 20h <br><br><strong>L\u2019\u00c9glise de La Visitation est ouverte tous les jours de 10h \u00e0 18h<\/strong><\/p>\n","protected":false},"excerpt":{"rendered":"<p>Messes dominicales : samedi 18h30, dimanche 10h30 \u00e0 l&rsquo;\u00e9glise de la Visitation Messes en semaineMardi 17h : Les Tonnelles \u00e0 ChevignyMercredi 16h30 : Le Cromois \u00e0 QuetignyJeudi 11h : maison&#8230;<\/p>\n","protected":false},"author":4,"featured_media":0,"parent":0,"menu_order":0,"comment_status":"closed","ping_status":"closed","template":"","meta":{"footnotes":""},"class_list":["post-14601","page","type-page","status-publish","hentry"],"_links":{"self":[{"href":"https:\/\/eglise-visitation-dijon.net\/w3\/wp-json\/wp\/v2\/pages\/14601","targetHints":{"allow":["GET"]}}],"collection":[{"href":"https:\/\/eglise-visitation-dijon.net\/w3\/wp-json\/wp\/v2\/pages"}],"about":[{"href":"https:\/\/eglise-visitation-dijon.net\/w3\/wp-json\/wp\/v2\/types\/page"}],"author":[{"embeddable":true,"href":"https:\/\/eglise-visitation-dijon.net\/w3\/wp-json\/wp\/v2\/users\/4"}],"replies":[{"embeddable":true,"href":"https:\/\/eglise-visitation-dijon.net\/w3\/wp-json\/wp\/v2\/comments?post=14601"}],"version-history":[{"count":12,"href":"https:\/\/eglise-visitation-dijon.net\/w3\/wp-json\/wp\/v2\/pages\/14601\/revisions"}],"predecessor-version":[{"id":15271,"href":"https:\/\/eglise-visitation-dijon.net\/w3\/wp-json\/wp\/v2\/pages\/14601\/revisions\/15271"}],"wp:attachment":[{"href":"https:\/\/eglise-visitation-dijon.net\/w3\/wp-json\/wp\/v2\/media?parent=14601"}],"curies":[{"name":"wp","href":"https:\/\/api.w.org\/{rel}","templated":true}]}}

<p class="has-text-align-center has-medium-font-size wp-block-paragraph"><strong>Messes dominicales :</strong> samedi 18h30, dimanche 10h30 à l&rsquo;église de la Visitation</p>



<p class="has-text-align-center wp-block-paragraph" style="font-size:20px"><strong>Messes en semaine</strong><br><strong>Mardi 17h :</strong> Les Tonnelles à Chevigny<br><strong>Mercredi 16h30 </strong>: Le Cromois à Quetigny<br><strong>Jeudi 11h :</strong> maison de retraite Combe St Victor à Neuilly les jeudis 10 et 24 Septembre.<br>Ces dernières étant réservées aux résidents des maisons de retraite<br><strong>Vendredi </strong>: 9h à l’oratoire de La Visitation</p>



<p class="has-text-align-center has-medium-font-size wp-block-paragraph"><strong>IMPORTANT</strong>: <strong>plus de messe le jeudi </strong>à l&rsquo;église St Maurice à Sennecey-lès-Dijon <br>car nous cherchons un sacristain qui pourrait assurer le service pour cette messe</p>



<p class="has-text-align-center has-medium-font-size wp-block-paragraph"><strong>Confessions: </strong>prendre rendez-vous auprès du prêtre.</p>



<p class="has-text-align-center has-medium-font-size wp-block-paragraph"><br><strong>GROUPES DE PRIÈRE</strong><br><strong>Chapelet </strong>: lundi à 16h30 et mercredi à 10h30<br><strong>Adoration du St Sacrement :</strong> à 20h le jeudi 3 Septembre et 1er octobre à l&rsquo;Oratoire<br><strong>Prière pour les malades :</strong> à 17h30 le jeudi 24 septembre à l&rsquo;Oratoire de la Visitation<br><strong>Fraternité Pentecôte :</strong> le mardi à 20h <br><br><strong>L’Église de La Visitation est ouverte tous les jours de 10h à 18h</strong></p>

<p>Messes dominicales : samedi 18h30, dimanche 10h30 à l&rsquo;église de la Visitation Messes en semaineMardi 17h : Les Tonnelles à ChevignyMercredi 16h30 : Le Cromois à QuetignyJeudi 11h : maison&#8230;</p>
