{"id":2026,"date":"2019-02-17T14:38:47","date_gmt":"2019-02-17T14:38:47","guid":{"rendered":"http:\/\/127.0.0.1:10080\/wordpress\/?page_id=2026"},"modified":"2025-03-25T08:43:21","modified_gmt":"2025-03-25T07:43:21","slug":"psaumes","status":"publish","type":"page","link":"https:\/\/eglise-visitation-dijon.net\/w3\/psaumes\/","title":{"rendered":"Psaumes"},"content":{"rendered":"<blockquote><p>Textes propos\u00e9s par la revue F\u00eates &amp; Saisons : \u00ab\u00a0Je suis la Vie\u00a0\u00bb&nbsp; &#8211; Les \u00c9ditions du Cerf &#8211; 2015 &#8211; 2018<\/p>\n<p>Pour acc\u00e9der au texte original et int\u00e9gral sur le site de l&rsquo;AELF, cliquer sur le titre<\/p><\/blockquote>\n<p><strong><big>Psaume 22<\/big><\/strong><br \/>\n<a href=\"https:\/\/www.aelf.org\/bible\/Ps\/22\" target=\"_blank\" rel=\"noopener noreferrer\">LE SEIGNEUR EST MON BERGER<\/a><\/p>\n<p><span style=\"color: #000000;\">R &#8211; Le Seigneur est mon berger,<\/span><br \/>\n<span style=\"color: #000000;\">rien ne saurait me manquer.<\/span><\/p>\n<p><span style=\"color: #000000;\">Le Seigneur est mon berger : <\/span><br \/>\n<span style=\"color: #000000;\">je ne manque de rien.<\/span><br \/>\n<span style=\"color: #000000;\">Sur des pr\u00e9s d&rsquo;herbe fra\u00eeche,<\/span><br \/>\n<span style=\"color: #000000;\">il me fait reposer. <\/span><\/p>\n<p><span style=\"color: #000000;\">Il me m\u00e8ne vers les eaux tranquilles<\/span><br \/>\n<span style=\"color: #000000;\">et me fait revivre ;<\/span><br \/>\n<span style=\"color: #000000;\">il me conduit par le juste chemin<\/span><br \/>\n<span style=\"color: #000000;\">pour l&rsquo;honneur de son nom.<\/span><\/p>\n<p><span style=\"color: #000000;\">Si je traverse les ravins de la mort, <\/span><br \/>\n<span style=\"color: #000000;\">je ne crains aucun mal, <\/span><br \/>\n<span style=\"color: #000000;\">car tu es avec moi : <\/span><br \/>\n<span style=\"color: #000000;\">ton b\u00e2ton me guide et me rassure.<\/span><\/p>\n<p><span style=\"color: #000000;\">Tu pr\u00e9pares la table pour moi <\/span><br \/>\n<span style=\"color: #000000;\">devant mes ennemis ;<\/span><br \/>\n<span style=\"color: #000000;\">tu r\u00e9pands le parfum sur ma t\u00eate, <\/span><br \/>\n<span style=\"color: #000000;\">ma coupe est d\u00e9bordante.<\/span><\/p>\n<p><span style=\"color: #000000;\">Gr\u00e2ce et bonheur m&rsquo;accompagnent <\/span><br \/>\n<span style=\"color: #000000;\">tous les jours de ma vie ; <\/span><br \/>\n<span style=\"color: #000000;\">j&rsquo;habiterai la maison du Seigneur <\/span><br \/>\n<span style=\"color: #000000;\">pour la dur\u00e9e de mes jours.<\/span><\/p>\n<p><strong><big>Psaume 24<\/big><\/strong><br \/>\n<a href=\"https:\/\/www.aelf.org\/bible\/Ps\/24\" target=\"_blank\" rel=\"noopener noreferrer\">DANS TON AMOUR, SEIGNEUR, NE M&rsquo;OUBLIE PAS<\/a><\/p>\n<p><span style=\"color: #000000;\">R &#8211; Vers toi, Seigneur,<\/span><br \/>\n<span style=\"color: #000000;\">j&rsquo;\u00e9l\u00e8ve mon \u00e2me.<\/span><\/p>\n<p><span style=\"color: #000000;\">Rappelle-toi, Seigneur, ta tendresse, <\/span><br \/>\n<span style=\"color: #000000;\">ton amour qui est de toujours. <\/span><br \/>\n<span style=\"color: #000000;\">Dans ton amour, ne m&rsquo;oublie pas,<\/span><br \/>\n<span style=\"color: #000000;\">En raison de ta bont\u00e9, Seigneur.<\/span><\/p>\n<p><span style=\"color: #000000;\">L&rsquo;angoisse grandit dans mon c\u0153ur :<\/span><br \/>\n<span style=\"color: #000000;\">tire-moi de ma d\u00e9tresse.<\/span><br \/>\n<span style=\"color: #000000;\">Vois ma mis\u00e8re et ma peine,<\/span><br \/>\n<span style=\"color: #000000;\">enl\u00e8ve tous mes p\u00e9ch\u00e9s.<\/span><\/p>\n<p><span style=\"color: #000000;\">Garde mon \u00e2me, d\u00e9livre-moi ;<\/span><br \/>\n<span style=\"color: #000000;\">je m&rsquo;abrite en toi : \u00e9pargne-moi la honte.<\/span><br \/>\n<span style=\"color: #000000;\">Droiture et perfection veillent sur moi,<\/span><br \/>\n<span style=\"color: #000000;\">sur moi qui t&rsquo;esp\u00e8re !<\/span><\/p>\n<p><strong><big>Psaume 26<\/big><\/strong><br \/>\n<a href=\"https:\/\/www.aelf.org\/bible\/Ps\/26\" target=\"_blank\" rel=\"noopener noreferrer\">LE SEIGNEUR EST MA LUMI\u00c8RE ET MON SALUT<\/a><\/p>\n<p><span style=\"color: #000000;\">R &#8211; Le Seigneur est ma lumi\u00e8re et mon salut ;<\/span><br \/>\n<span style=\"color: #000000;\">de qui aurais-je crainte ?<\/span><\/p>\n<p><span style=\"color: #000000;\">Le Seigneur est ma lumi\u00e8re et mon salut ; <\/span><br \/>\n<span style=\"color: #000000;\">de qui aurais-je crainte ? <\/span><br \/>\n<span style=\"color: #000000;\">Le Seigneur est le rempart de ma vie ; <\/span><br \/>\n<span style=\"color: #000000;\">devant qui tremblerais-je ?<\/span><\/p>\n<p><span style=\"color: #000000;\">J&rsquo;ai demand\u00e9 une chose au Seigneur, <\/span><br \/>\n<span style=\"color: #000000;\">la seule que je cherche : <\/span><br \/>\n<span style=\"color: #000000;\">habiter la maison du Seigneur <\/span><br \/>\n<span style=\"color: #000000;\">tous les jours de ma vie.<\/span><\/p>\n<p><span style=\"color: #000000;\">\u00c9coute, Seigneur, je t&rsquo;appelle ! <\/span><br \/>\n<span style=\"color: #000000;\">Piti\u00e9 ! R\u00e9ponds-moi !<\/span><br \/>\n<span style=\"color: #000000;\">C&rsquo;est ta face, Seigneur, que je cherche : <\/span><br \/>\n<span style=\"color: #000000;\">ne me cache pas ta face. <\/span><\/p>\n<p><span style=\"color: #000000;\">Mais j&rsquo;en suis s\u00fbr, je verrai les bont\u00e9s du Seigneur <\/span><br \/>\n<span style=\"color: #000000;\">sur la terre des vivants.<\/span><br \/>\n<span style=\"color: #000000;\">\u00ab\u00a0Esp\u00e8re le Seigneur, sois fort et prends courage ; <\/span><br \/>\n<span style=\"color: #000000;\">esp\u00e8re le Seigneur.\u00a0\u00bb<\/span><\/p>\n<p><strong><big>Psaume 41<\/big><\/strong><br \/>\n<a href=\"https:\/\/www.aelf.org\/bible\/Ps\/41\" target=\"_blank\" rel=\"noopener noreferrer\">MON \u00c2ME TE CHERCHE TOI, MON DIEU<\/a><\/p>\n<p><span style=\"color: #000000;\">R &#8211; Mon \u00e2me a soif du Dieu vivant ;<\/span><br \/>\n<span style=\"color: #000000;\">Quand le verrai-je face \u00e0 face ?<\/span><\/p>\n<p><span style=\"color: #000000;\">Comme un cerf alt\u00e9r\u00e9 <\/span><br \/>\n<span style=\"color: #000000;\">cherche l&rsquo;eau vive, <\/span><br \/>\n<span style=\"color: #000000;\">ainsi mon \u00e2me te cherche <\/span><br \/>\n<span style=\"color: #000000;\">toi, mon Dieu.<\/span><\/p>\n<p><span style=\"color: #000000;\">Mon \u00e2me a soif de Dieu, <\/span><br \/>\n<span style=\"color: #000000;\">le Dieu vivant ; <\/span><br \/>\n<span style=\"color: #000000;\">quand pourrai-je m&rsquo;avancer, <\/span><br \/>\n<span style=\"color: #000000;\">para\u00eetre face \u00e0 Dieu ?<\/span><\/p>\n<p><span style=\"color: #000000;\">Envoie ta lum\u00e8re et ta v\u00e9rit\u00e9 :<\/span><br \/>\n<span style=\"color: #000000;\">qu&rsquo;elles guident mes pas<\/span><br \/>\n<span style=\"color: #000000;\">et me conduisent \u00e0 ta montagne sainte,<\/span><br \/>\n<span style=\"color: #000000;\">jusqu&rsquo;en ta demeure.<\/span><\/p>\n<p><span style=\"color: #000000;\">J&rsquo;avancerai jusqu&rsquo;\u00e0 l&rsquo;autel de Dieu,<\/span><br \/>\n<span style=\"color: #000000;\">vers Dieu qui est toute ma joie ;<\/span><br \/>\n<span style=\"color: #000000;\">je ta rendrai gr\u00e2ce avec ma harpe,<\/span><br \/>\n<span style=\"color: #000000;\">Dieu, mon Dieu !<\/span><\/p>\n<p><span style=\"color: #000000;\">Pourquoi te d\u00e9soler, \u00f4 mon \u00e2me, <\/span><br \/>\n<span style=\"color: #000000;\">et g\u00e9mir sur moi ? <\/span><br \/>\n<span style=\"color: #000000;\">Esp\u00e8re en Dieu ! De nouveau je rendrai gr\u00e2ce : <\/span><br \/>\n<span style=\"color: #000000;\">il est mon sauveur et mon Dieu !<\/span><\/p>\n<p><strong><big>Psaume 62<\/big><\/strong><br \/>\n<a href=\"https:\/\/www.aelf.org\/bible\/Ps\/62\" target=\"_blank\" rel=\"noopener noreferrer\">MON \u00c2ME S&rsquo;ATTACHE A TOI, TA MAIN DROITE ME SOUTIENT<\/a><\/p>\n<p><span style=\"color: #000000;\">R &#8211; Mon \u00e2me a soif de toi,<\/span><br \/>\n<span style=\"color: #000000;\">Seigneur, mon Dieu !<\/span><\/p>\n<p><span style=\"color: #000000;\">Dieu, tu es mon Dieu, je te cherche d\u00e8s l&rsquo;aube : <\/span><br \/>\n<span style=\"color: #000000;\">mon \u00e2me a soif de toi ; <\/span><br \/>\n<span style=\"color: #000000;\">apr\u00e8s toi languit ma chair, <\/span><br \/>\n<span style=\"color: #000000;\">terre aride, alt\u00e9r\u00e9e, sans eau.<\/span><\/p>\n<p><span style=\"color: #000000;\">Je t&rsquo;ai contempl\u00e9 au sanctuaire, <\/span><br \/>\n<span style=\"color: #000000;\">j&rsquo;ai vu ta force et ta gloire.<\/span><br \/>\n<span style=\"color: #000000;\">Ton amour vaut mieux que la vie : <\/span><br \/>\n<span style=\"color: #000000;\">tu seras la louange de mes l\u00e8vres !<\/span><\/p>\n<p><span style=\"color: #000000;\">Toute ma vie je vais te b\u00e9nir, <\/span><br \/>\n<span style=\"color: #000000;\">lever les mains en invoquant ton nom.<\/span><br \/>\n<span style=\"color: #000000;\">Comme par un festin je serai rassasi\u00e9 ; <\/span><br \/>\n<span style=\"color: #000000;\">la joie sur les l\u00e8vres, je dirai ta louange.<\/span><\/p>\n<p><span style=\"color: #000000;\">Oui, tu es venu \u00e0 mon secours : <\/span><br \/>\n<span style=\"color: #000000;\">je crie de joie \u00e0 l&rsquo;ombre de tes ailes.<\/span><br \/>\n<span style=\"color: #000000;\">Mon \u00e2me s&rsquo;attache \u00e0 toi, <\/span><br \/>\n<span style=\"color: #000000;\">ta main droite me soutient.<\/span><\/p>\n<p><strong><big>Psaume 102<\/big><\/strong><br \/>\n<a href=\"https:\/\/www.aelf.org\/bible\/Ps\/102\" target=\"_blank\" rel=\"noopener noreferrer\">LE SEIGNEUR EST TENDRESSE ET PITI\u00c9<\/a><\/p>\n<p><span style=\"color: #000000;\">R &#8211; Le Seigneur est tendresse et piti\u00e9.<\/span><\/p>\n<p><span style=\"color: #000000;\">Le Seigneur est tendresse et piti\u00e9, <\/span><br \/>\n<span style=\"color: #000000;\">lent \u00e0 la col\u00e8re et plein d&rsquo;amour ;<\/span><br \/>\n<span style=\"color: #000000;\">il n&rsquo;agit pas envers nous selon nos fautes, <\/span><br \/>\n<span style=\"color: #000000;\">ne nous rend pas selon nos offenses.<\/span><\/p>\n<p><span style=\"color: #000000;\">Comme la tendresse du p\u00e8re pour ses fils, <\/span><br \/>\n<span style=\"color: #000000;\">la tendresse du Seigneur pour qui le craint !<\/span><br \/>\n<span style=\"color: #000000;\">Il sait de quoi nous sommes p\u00e9tris, <\/span><br \/>\n<span style=\"color: #000000;\">il se souvient que nous sommes poussi\u00e8re.<\/span><\/p>\n<p><span style=\"color: #000000;\">L&rsquo;homme ! ses jours sont comme l&rsquo;herbe ; <\/span><br \/>\n<span style=\"color: #000000;\">comme la fleur des champs, il fleurit :<\/span><br \/>\n<span style=\"color: #000000;\">d\u00e8s que souffle le vent, il n&rsquo;est plus, <\/span><br \/>\n<span style=\"color: #000000;\">m\u00eame la place o\u00f9 il \u00e9tait l&rsquo;ignore.<\/span><\/p>\n<p><span style=\"color: #000000;\">Mais l&rsquo;amour du Seigneur, sur ceux qui le craignent, <\/span><br \/>\n<span style=\"color: #000000;\">est de toujours \u00e0 toujours, <\/span><br \/>\n<span style=\"color: #000000;\">pour ceux qui gardent son alliance <\/span><br \/>\n<span style=\"color: #000000;\">et se souviennent d&rsquo;accomplir ses volont\u00e9s.<\/span><\/p>\n<p><strong><big>Psaume 129<\/big><\/strong><br \/>\n<a href=\"https:\/\/www.aelf.org\/bible\/Ps\/129\" target=\"_blank\" rel=\"noopener noreferrer\">DES PROFONDEURS, JE CRIE VERS TOI, SEIGNEUR<\/a><\/p>\n<p><span style=\"color: #000000;\">R &#8211; Des profondeurs, je crie vers toi, Seigneur.<\/span><\/p>\n<p><span style=\"color: #000000;\">Des profondeurs je crie vers toi, Seigneur,<\/span><br \/>\n<span style=\"color: #000000;\">Seigneur, \u00e9coute mon appel ! <\/span><br \/>\n<span style=\"color: #000000;\">Que ton oreille se fasse attentive <\/span><br \/>\n<span style=\"color: #000000;\">au cri de ma pri\u00e8re !<\/span><\/p>\n<p><span style=\"color: #000000;\">Si tu retiens les fautes, Seigneur, <\/span><br \/>\n<span style=\"color: #000000;\">Seigneur, qui subsistera ?<\/span><br \/>\n<span style=\"color: #000000;\">Mais pr\u00e8s de toi se trouve le pardon <\/span><br \/>\n<span style=\"color: #000000;\">pour que l&rsquo;homme te craigne.<\/span><\/p>\n<p><span style=\"color: #000000;\">J\u2019esp\u00e8re le Seigneur de toute mon \u00e2me <\/span><br \/>\n<span style=\"color: #000000;\">Je l\u2019esp\u00e8re, et j\u2019attends sa parole. <\/span><br \/>\n<span style=\"color: #000000;\">Mon \u00e2me attend le Seigneur <\/span><br \/>\n<span style=\"color: #000000;\">Plus qu\u2019un veilleur ne guette l\u2019aurore. <\/span><\/p>\n<p><span style=\"color: #000000;\">Oui, pr\u00e8s du Seigneur, est l&rsquo;amour ; <\/span><br \/>\n<span style=\"color: #000000;\">pr\u00e8s de lui, abonde le rachat.<\/span><br \/>\n<span style=\"color: #000000;\">C&rsquo;est lui qui rach\u00e8tera Isra\u00ebl <\/span><br \/>\n<span style=\"color: #000000;\">de toutes ses fautes.<\/span><\/p>\n","protected":false},"excerpt":{"rendered":"<p>pour c\u00e9l\u00e9brer les fun\u00e9railles \u00e0 l&rsquo; \u00c9glise<\/p>\n","protected":false},"author":1,"featured_media":0,"parent":0,"menu_order":0,"comment_status":"closed","ping_status":"closed","template":"","meta":{"footnotes":""},"class_list":["post-2026","page","type-page","status-publish","hentry"],"_links":{"self":[{"href":"https:\/\/eglise-visitation-dijon.net\/w3\/wp-json\/wp\/v2\/pages\/2026","targetHints":{"allow":["GET"]}}],"collection":[{"href":"https:\/\/eglise-visitation-dijon.net\/w3\/wp-json\/wp\/v2\/pages"}],"about":[{"href":"https:\/\/eglise-visitation-dijon.net\/w3\/wp-json\/wp\/v2\/types\/page"}],"author":[{"embeddable":true,"href":"https:\/\/eglise-visitation-dijon.net\/w3\/wp-json\/wp\/v2\/users\/1"}],"replies":[{"embeddable":true,"href":"https:\/\/eglise-visitation-dijon.net\/w3\/wp-json\/wp\/v2\/comments?post=2026"}],"version-history":[{"count":3,"href":"https:\/\/eglise-visitation-dijon.net\/w3\/wp-json\/wp\/v2\/pages\/2026\/revisions"}],"predecessor-version":[{"id":13634,"href":"https:\/\/eglise-visitation-dijon.net\/w3\/wp-json\/wp\/v2\/pages\/2026\/revisions\/13634"}],"wp:attachment":[{"href":"https:\/\/eglise-visitation-dijon.net\/w3\/wp-json\/wp\/v2\/media?parent=2026"}],"curies":[{"name":"wp","href":"https:\/\/api.w.org\/{rel}","templated":true}]}}