{"id":204,"date":"2019-02-11T13:23:06","date_gmt":"2019-02-11T13:23:06","guid":{"rendered":"http:\/\/127.0.0.1:10080\/wordpress\/?page_id=204"},"modified":"2025-11-05T13:39:53","modified_gmt":"2025-11-05T12:39:53","slug":"obseques","status":"publish","type":"page","link":"https:\/\/eglise-visitation-dijon.net\/w3\/obseques\/","title":{"rendered":"Obs\u00e8ques"},"content":{"rendered":"\n<h2 class=\"wp-block-heading\">Accompagnement des familles en deuil<\/h2>\n\n\n\n<p style=\"font-size:18px\">Vous venez de perdre un de vos proches. La communaut\u00e9 chr\u00e9tienne de La Visitation s&rsquo;unit \u00e0 votre peine. Si vous souhaitez une c\u00e9l\u00e9bration religieuse pour les obs\u00e8ques, l&rsquo;\u00e9quipe d&rsquo;accompagnement au deuil de la paroisse la pr\u00e9parera avec vous.<\/p>\n\n\n\n<p style=\"font-size:18px\"><a href=\"https:\/\/eglise-visitation-dijon.net\/w3\/wp-content\/uploads\/2025\/11\/Obseques-textes-internet.pdf\" target=\"_blank\" rel=\"noreferrer noopener\">T\u00e9l\u00e9charger ici les propositions de l&rsquo;\u00e9quipe d&rsquo;accompagnement<\/a><\/p>\n\n\n\n<p style=\"font-size:18px\">Une permanence t\u00e9l\u00e9phonique est pr\u00e9vue chaque jour. Vous pouvez la contacter au : 06 43 09 83 32<\/p>\n\n\n\n<p style=\"font-size:18px\"><em>Vous pouvez commencer \u00e0 lire et choisir les textes que vous souhaiteriez entendre lors de la c\u00e9l\u00e9bration. Ces textes sont propos\u00e9s par la revue F\u00eates &amp; Saisons : \u00ab\u00a0Je suis la Vie\u00a0\u00bb &#8211;&nbsp; Les Editions du Cerf &#8211; 2015 &#8211; 2018.<\/em><\/p>\n\n\n\n<h3 class=\"wp-block-heading\" style=\"font-size:18px\"><strong>Textes pour la c\u00e9l\u00e9bration des fun\u00e9railles \u00e0 l\u2019\u00c9glise<\/strong><\/h3>\n\n\n\n<ul style=\"font-size:18px\" class=\"wp-block-list\">\n<li><a href=\"https:\/\/eglise-visitation-dijon.net\/w3\/premieres-lectures\/\">Textes des premi\u00e8res lectures<\/a><\/li>\n\n\n\n<li><a href=\"https:\/\/eglise-visitation-dijon.net\/w3\/psaumes\/\">Textes des psaumes<\/a><\/li>\n\n\n\n<li><a href=\"https:\/\/eglise-visitation-dijon.net\/w3\/evangiles\/\">Textes des \u00c9vangiles<\/a><\/li>\n<\/ul>\n","protected":false},"excerpt":{"rendered":"<p>Accompagnement des familles en deuil Vous venez de perdre un de vos proches. La communaut\u00e9 chr\u00e9tienne de La Visitation s&rsquo;unit \u00e0 votre peine. Si vous souhaitez une c\u00e9l\u00e9bration religieuse pour&#8230;<\/p>\n","protected":false},"author":1,"featured_media":13857,"parent":0,"menu_order":0,"comment_status":"closed","ping_status":"closed","template":"","meta":{"footnotes":""},"class_list":["post-204","page","type-page","status-publish","has-post-thumbnail","hentry"],"_links":{"self":[{"href":"https:\/\/eglise-visitation-dijon.net\/w3\/wp-json\/wp\/v2\/pages\/204","targetHints":{"allow":["GET"]}}],"collection":[{"href":"https:\/\/eglise-visitation-dijon.net\/w3\/wp-json\/wp\/v2\/pages"}],"about":[{"href":"https:\/\/eglise-visitation-dijon.net\/w3\/wp-json\/wp\/v2\/types\/page"}],"author":[{"embeddable":true,"href":"https:\/\/eglise-visitation-dijon.net\/w3\/wp-json\/wp\/v2\/users\/1"}],"replies":[{"embeddable":true,"href":"https:\/\/eglise-visitation-dijon.net\/w3\/wp-json\/wp\/v2\/comments?post=204"}],"version-history":[{"count":17,"href":"https:\/\/eglise-visitation-dijon.net\/w3\/wp-json\/wp\/v2\/pages\/204\/revisions"}],"predecessor-version":[{"id":14353,"href":"https:\/\/eglise-visitation-dijon.net\/w3\/wp-json\/wp\/v2\/pages\/204\/revisions\/14353"}],"wp:featuredmedia":[{"embeddable":true,"href":"https:\/\/eglise-visitation-dijon.net\/w3\/wp-json\/wp\/v2\/media\/13857"}],"wp:attachment":[{"href":"https:\/\/eglise-visitation-dijon.net\/w3\/wp-json\/wp\/v2\/media?parent=204"}],"curies":[{"name":"wp","href":"https:\/\/api.w.org\/{rel}","templated":true}]}}