{"id":255,"date":"2019-02-11T14:41:00","date_gmt":"2019-02-11T14:41:00","guid":{"rendered":"http:\/\/127.0.0.1:10080\/wordpress\/?page_id=255"},"modified":"2025-10-08T12:44:56","modified_gmt":"2025-10-08T10:44:56","slug":"pastorale-de-la-sante","status":"publish","type":"page","link":"https:\/\/eglise-visitation-dijon.net\/w3\/pastorale-de-la-sante\/","title":{"rendered":"Pastorale de la sant\u00e9"},"content":{"rendered":"<div class=\"wp-block-image\">\n<figure class=\"aligncenter\"><img loading=\"lazy\" decoding=\"async\" width=\"300\" height=\"95\" src=\"https:\/\/eglise-visitation-dijon.net\/w3\/wp-content\/uploads\/2019\/03\/logo-pastorale.jpg\" alt=\"\" class=\"wp-image-2447\"\/><\/figure>\n<\/div>\n\n\n<h2 class=\"wp-block-heading\">Service \u00c9vang\u00e9lique des Malades<\/h2>\n\n\n\n<p><span style=\"color: #000000;\">Un service de visites aux personnes malades, \u00e2g\u00e9es ou isol\u00e9es, en EHPAD ou \u00e0 domicile, est propos\u00e9 par des chr\u00e9tiens de la Paroisse de la Visitation.<\/span><\/p>\n\n\n\n<p>Pour <span style=\"color: #000000;\">rejoindre une des \u00e9quipes<\/span> existantes ou pour <span style=\"color: #000000;\">signaler une personne malade ou isol\u00e9e<\/span> souhaitant recevoir la visite d\u2019un b\u00e9n\u00e9vole merci de contacter les <a href=\"http:\/\/www.eglise-visitation-dijon.net\/w2\/Contacts.html#3004\">coordinatrices<\/a> :<\/p>\n\n\n\n<div class=\"wp-block-media-text is-stacked-on-mobile\"><figure class=\"wp-block-media-text__media\"><img loading=\"lazy\" decoding=\"async\" width=\"1024\" height=\"768\" src=\"https:\/\/eglise-visitation-dijon.net\/w3\/wp-content\/uploads\/2025\/08\/dulcey-lima-9MTqeBaAOlU-unsplash-1024x768.jpg\" alt=\"\" class=\"wp-image-13935 size-full\" srcset=\"https:\/\/eglise-visitation-dijon.net\/w3\/wp-content\/uploads\/2025\/08\/dulcey-lima-9MTqeBaAOlU-unsplash-1024x768.jpg 1024w, https:\/\/eglise-visitation-dijon.net\/w3\/wp-content\/uploads\/2025\/08\/dulcey-lima-9MTqeBaAOlU-unsplash-300x225.jpg 300w, https:\/\/eglise-visitation-dijon.net\/w3\/wp-content\/uploads\/2025\/08\/dulcey-lima-9MTqeBaAOlU-unsplash-150x113.jpg 150w, https:\/\/eglise-visitation-dijon.net\/w3\/wp-content\/uploads\/2025\/08\/dulcey-lima-9MTqeBaAOlU-unsplash-768x576.jpg 768w, https:\/\/eglise-visitation-dijon.net\/w3\/wp-content\/uploads\/2025\/08\/dulcey-lima-9MTqeBaAOlU-unsplash-1536x1152.jpg 1536w, https:\/\/eglise-visitation-dijon.net\/w3\/wp-content\/uploads\/2025\/08\/dulcey-lima-9MTqeBaAOlU-unsplash-2048x1536.jpg 2048w, https:\/\/eglise-visitation-dijon.net\/w3\/wp-content\/uploads\/2025\/08\/dulcey-lima-9MTqeBaAOlU-unsplash-80x60.jpg 80w\" sizes=\"auto, (max-width: 1024px) 100vw, 1024px\" \/><\/figure><div class=\"wp-block-media-text__content\">\n<p><strong>Pour \u00ab Les Tonnelles \u00bb : <\/strong>Th\u00e9r\u00e8se-Marie Thisselin &#8211; 03 80 46 55 69<\/p>\n\n\n\n<p><strong>Pour \u00ab Le Cromois \u00bb :<\/strong> Colette Fresse &#8211; 03 80 46 20 25<\/p>\n\n\n\n<p><strong>Pour les visites \u00e0 domicile :<\/strong> Bernadette SCHILTZ &#8211; 06 24 37 44 41<\/p>\n\n\n\n<p>ou bien contacter la <a href=\"https:\/\/eglise-visitation-dijon.net\/w3\/permanences\/\">permanence<\/a> \/ secr\u00e9tariat&nbsp; : 03 80 30 65 24 <br>&nbsp;<a href=\"mailto:secretariat@eglise-visitation-dijon.net\">secretariat@eglise-visitation-dijon.net<\/a><\/p>\n<\/div><\/div>\n\n\n\n<p><\/p>\n\n\n\n<p><\/p>\n\n\n\n<p>Les \u00e9quipes sont en lien avec le pr\u00eatre afin qu\u2019il puisse \u00e9ventuellement intervenir et dispenser les sacrements tels que le <span style=\"color: #000000;\">sacrement du pardon<\/span> et le <span style=\"color: #000000;\">sacrement des malades<\/span>.<\/p>\n\n\n\n<p><a href=\"https:\/\/eglise-visitation-dijon.net\/w3\/wp-content\/uploads\/2020\/01\/Depliant-Pastorale-Sante.pdf\">T\u00e9l\u00e9charger le d\u00e9pliant<\/a><\/p>\n\n\n\n<blockquote class=\"wp-block-quote is-layout-flow wp-block-quote-is-layout-flow\">\n<p><strong>Chaque mardi<\/strong> a lieu la messe \u00e0 la Maison de Retraite \u00ab Les Tonnelles \u00bb \u00e0 Chevigny St Sauveur \u00e0 17h.<\/p>\n\n\n\n<p><strong>Chaque mercredi<\/strong> a lieu la messe \u00e0 la R\u00e9sidence Mutualiste \u00ab Le Cromois \u00bb \u00e0 Quetigny \u00e0 17h.<\/p>\n<\/blockquote>\n\n\n\n<p><\/p>\n","protected":false},"excerpt":{"rendered":"<p>Service \u00c9vang\u00e9lique des Malades Un service de visites aux personnes malades, \u00e2g\u00e9es ou isol\u00e9es, en EHPAD ou \u00e0 domicile, est propos\u00e9 par des chr\u00e9tiens de la Paroisse de la Visitation&#8230;.<\/p>\n","protected":false},"author":1,"featured_media":0,"parent":0,"menu_order":0,"comment_status":"closed","ping_status":"closed","template":"","meta":{"footnotes":""},"class_list":["post-255","page","type-page","status-publish","hentry"],"_links":{"self":[{"href":"https:\/\/eglise-visitation-dijon.net\/w3\/wp-json\/wp\/v2\/pages\/255","targetHints":{"allow":["GET"]}}],"collection":[{"href":"https:\/\/eglise-visitation-dijon.net\/w3\/wp-json\/wp\/v2\/pages"}],"about":[{"href":"https:\/\/eglise-visitation-dijon.net\/w3\/wp-json\/wp\/v2\/types\/page"}],"author":[{"embeddable":true,"href":"https:\/\/eglise-visitation-dijon.net\/w3\/wp-json\/wp\/v2\/users\/1"}],"replies":[{"embeddable":true,"href":"https:\/\/eglise-visitation-dijon.net\/w3\/wp-json\/wp\/v2\/comments?post=255"}],"version-history":[{"count":21,"href":"https:\/\/eglise-visitation-dijon.net\/w3\/wp-json\/wp\/v2\/pages\/255\/revisions"}],"predecessor-version":[{"id":14127,"href":"https:\/\/eglise-visitation-dijon.net\/w3\/wp-json\/wp\/v2\/pages\/255\/revisions\/14127"}],"wp:attachment":[{"href":"https:\/\/eglise-visitation-dijon.net\/w3\/wp-json\/wp\/v2\/media?parent=255"}],"curies":[{"name":"wp","href":"https:\/\/api.w.org\/{rel}","templated":true}]}}