{"id":261,"date":"2019-02-11T14:42:32","date_gmt":"2019-02-11T14:42:32","guid":{"rendered":"http:\/\/127.0.0.1:10080\/wordpress\/?page_id=261"},"modified":"2025-10-20T10:06:22","modified_gmt":"2025-10-20T08:06:22","slug":"ccfd-terre-solidaire","status":"publish","type":"page","link":"https:\/\/eglise-visitation-dijon.net\/w3\/ccfd-terre-solidaire\/","title":{"rendered":"CCFD-Terre Solidaire"},"content":{"rendered":"\n<div style=\"height:50px\" aria-hidden=\"true\" class=\"wp-block-spacer\"><\/div>\n\n\n\n<p class=\"has-black-color has-text-color has-medium-font-size\">L&rsquo;\u00e9quipe locale de La Visitation compte une douzaine de b\u00e9n\u00e9voles. Elle s&rsquo;attache \u00e0 mettre en valeur la Solidarit\u00e9 Internationale sur notre secteur en participant \u00e0 l&rsquo;animation des communaut\u00e9s chr\u00e9tiennes (notamment au temps de Car\u00eame), \u00e0 l&rsquo;accueil de partenaires internationaux, au Festival des solidarit\u00e9s, \u00e0 l&rsquo;\u00e9ducation au d\u00e9veloppement en milieu scolaire en partenariat avec BFC International, \u00e0 des collectifs associatifs.<\/p>\n\n\n\n<p class=\"has-black-color has-text-color has-medium-font-size\">Sur le secteur de la Visitation (Chevigny-Saint-Sauveur, Crimolois, Qu\u00e9tigny, Sennecey-l\u00e8s-Dijon), le CCFD-Terre Solidaire repr\u00e9sente plus de 100 donateurs directs pour un montant total annuel de la collecte proche de 18 000 EUR.<\/p>\n\n\n\n<p class=\"has-black-color has-text-color has-medium-font-size\">Les membres de l&rsquo;\u00e9quipe sont engag\u00e9s individuellement dans divers mouvements la\u00efques ou chr\u00e9tiens : Cercles de silence | Chr\u00e9tiens dans le Monde Rural (CMR) | Communaut\u00e9 Vie Chr\u00e9tienne (CVX) | La pastorale des migrants | (OXFAM France) | Soutien-asile-21 | SOS refoulement | Chr\u00e9tiens dans l&rsquo;enseignement public<\/p>\n\n\n\n<h4 class=\"wp-block-heading\">&nbsp;<\/h4>\n\n\n\n<blockquote class=\"wp-block-quote is-layout-flow wp-block-quote-is-layout-flow\">\n<p class=\"has-black-color has-text-color has-medium-font-size\">Prendre contact avec l&rsquo;\u00e9quipe locale Jean-Paul CHAMPION <\/p>\n\n\n\n<p class=\"has-black-color has-text-color has-medium-font-size\">Retrouver les activit\u00e9s r\u00e9gionales et dioc\u00e9saines en <a href=\"https:\/\/blog.ccfd-terresolidaire.org\/bfc\/category\/Le-CCFD-en-C%C3%B4te-d-Or-21\" target=\"_blank\" rel=\"noreferrer noopener\">cliquant ici<\/a><\/p>\n\n\n\n<p class=\"has-black-color has-text-color has-medium-font-size\">Visiter le <a href=\"https:\/\/ccfd-terresolidaire.org\/\" target=\"_blank\" rel=\"noreferrer noopener\">Site national<\/a><\/p>\n<\/blockquote>\n","protected":false},"excerpt":{"rendered":"<p>L&rsquo;\u00e9quipe locale de La Visitation compte une douzaine de b\u00e9n\u00e9voles. Elle s&rsquo;attache \u00e0 mettre en valeur la Solidarit\u00e9 Internationale sur notre secteur en participant \u00e0 l&rsquo;animation des communaut\u00e9s chr\u00e9tiennes (notamment&#8230;<\/p>\n","protected":false},"author":1,"featured_media":2497,"parent":0,"menu_order":0,"comment_status":"closed","ping_status":"closed","template":"","meta":{"footnotes":""},"class_list":["post-261","page","type-page","status-publish","has-post-thumbnail","hentry"],"_links":{"self":[{"href":"https:\/\/eglise-visitation-dijon.net\/w3\/wp-json\/wp\/v2\/pages\/261","targetHints":{"allow":["GET"]}}],"collection":[{"href":"https:\/\/eglise-visitation-dijon.net\/w3\/wp-json\/wp\/v2\/pages"}],"about":[{"href":"https:\/\/eglise-visitation-dijon.net\/w3\/wp-json\/wp\/v2\/types\/page"}],"author":[{"embeddable":true,"href":"https:\/\/eglise-visitation-dijon.net\/w3\/wp-json\/wp\/v2\/users\/1"}],"replies":[{"embeddable":true,"href":"https:\/\/eglise-visitation-dijon.net\/w3\/wp-json\/wp\/v2\/comments?post=261"}],"version-history":[{"count":14,"href":"https:\/\/eglise-visitation-dijon.net\/w3\/wp-json\/wp\/v2\/pages\/261\/revisions"}],"predecessor-version":[{"id":14280,"href":"https:\/\/eglise-visitation-dijon.net\/w3\/wp-json\/wp\/v2\/pages\/261\/revisions\/14280"}],"wp:featuredmedia":[{"embeddable":true,"href":"https:\/\/eglise-visitation-dijon.net\/w3\/wp-json\/wp\/v2\/media\/2497"}],"wp:attachment":[{"href":"https:\/\/eglise-visitation-dijon.net\/w3\/wp-json\/wp\/v2\/media?parent=261"}],"curies":[{"name":"wp","href":"https:\/\/api.w.org\/{rel}","templated":true}]}}

<div style="height:50px" aria-hidden="true" class="wp-block-spacer"></div>



<p class="has-black-color has-text-color has-medium-font-size">L&rsquo;équipe locale de La Visitation compte une douzaine de bénévoles. Elle s&rsquo;attache à mettre en valeur la Solidarité Internationale sur notre secteur en participant à l&rsquo;animation des communautés chrétiennes (notamment au temps de Carême), à l&rsquo;accueil de partenaires internationaux, au Festival des solidarités, à l&rsquo;éducation au développement en milieu scolaire en partenariat avec BFC International, à des collectifs associatifs.</p>



<p class="has-black-color has-text-color has-medium-font-size">Sur le secteur de la Visitation (Chevigny-Saint-Sauveur, Crimolois, Quétigny, Sennecey-lès-Dijon), le CCFD-Terre Solidaire représente plus de 100 donateurs directs pour un montant total annuel de la collecte proche de 18 000 EUR.</p>



<p class="has-black-color has-text-color has-medium-font-size">Les membres de l&rsquo;équipe sont engagés individuellement dans divers mouvements laïques ou chrétiens : Cercles de silence | Chrétiens dans le Monde Rural (CMR) | Communauté Vie Chrétienne (CVX) | La pastorale des migrants | (OXFAM France) | Soutien-asile-21 | SOS refoulement | Chrétiens dans l&rsquo;enseignement public</p>



<h4 class="wp-block-heading">&nbsp;</h4>



<blockquote class="wp-block-quote is-layout-flow wp-block-quote-is-layout-flow">
<p class="has-black-color has-text-color has-medium-font-size">Prendre contact avec l&rsquo;équipe locale Jean-Paul CHAMPION </p>



<p class="has-black-color has-text-color has-medium-font-size">Retrouver les activités régionales et diocésaines en <a href="https://blog.ccfd-terresolidaire.org/bfc/category/Le-CCFD-en-C%C3%B4te-d-Or-21" target="_blank" rel="noreferrer noopener">cliquant ici</a></p>



<p class="has-black-color has-text-color has-medium-font-size">Visiter le <a href="https://ccfd-terresolidaire.org/" target="_blank" rel="noreferrer noopener">Site national</a></p>
</blockquote>

<p>L&rsquo;équipe locale de La Visitation compte une douzaine de bénévoles. Elle s&rsquo;attache à mettre en valeur la Solidarité Internationale sur notre secteur en participant à l&rsquo;animation des communautés chrétiennes (notamment&#8230;</p>
